{"id":52,"date":"2011-03-28T10:53:25","date_gmt":"2011-03-28T10:53:25","guid":{"rendered":"http:\/\/www.computer-service-jochmann.de\/wordpress\/?page_id=52"},"modified":"2018-05-24T14:35:28","modified_gmt":"2018-05-24T14:35:28","slug":"startseite","status":"publish","type":"page","link":"https:\/\/www.computer-service-jochmann.de\/wordpress\/","title":{"rendered":"Startseite"},"content":{"rendered":"<h2>Herzlich Willkommen!<\/h2>\n<p style=\"text-align: left;\">Auf den folgenden Internetseiten m\u00f6chten wir Ihnen einen Einblick\u00a0in unsere T\u00e4tigkeitsfelder als EDV-Partner geben. Unsere L\u00f6sungen richten sich an kleine und mittelst\u00e4ndische Unternehmen im Kreisgebiet Borken und Wesel. Zu unseren Kunden geh\u00f6ren Handelsunternehmen, Handwerksbetriebe, \u00c4rzte und \u00d6ffentliche Einrichtungen.<\/p>\n<p>&nbsp;<\/p>\n<blockquote><p><em>Die Anspr\u00fcche unserer Kunden werden seit fast 15 Jahren kompetent, unabh\u00e4ngig\u00a0und zuverl\u00e4ssig bedient.<\/em><\/p><\/blockquote>\n","protected":false},"excerpt":{"rendered":"<p>Herzlich Willkommen! Auf den folgenden Internetseiten m\u00f6chten wir Ihnen einen Einblick\u00a0in unsere T\u00e4tigkeitsfelder als EDV-Partner geben. Unsere L\u00f6sungen richten sich an kleine und mittelst\u00e4ndische Unternehmen im Kreisgebiet Borken und Wesel. Zu unseren Kunden geh\u00f6ren Handelsunternehmen, Handwerksbetriebe, \u00c4rzte und \u00d6ffentliche Einrichtungen. &nbsp; Die Anspr\u00fcche unserer Kunden werden seit fast 15 Jahren kompetent, unabh\u00e4ngig\u00a0und zuverl\u00e4ssig bedient.<\/p>\n","protected":false},"author":1,"featured_media":0,"parent":0,"menu_order":0,"comment_status":"closed","ping_status":"closed","template":"","meta":[],"_links":{"self":[{"href":"https:\/\/www.computer-service-jochmann.de\/wordpress\/index.php?rest_route=\/wp\/v2\/pages\/52"}],"collection":[{"href":"https:\/\/www.computer-service-jochmann.de\/wordpress\/index.php?rest_route=\/wp\/v2\/pages"}],"about":[{"href":"https:\/\/www.computer-service-jochmann.de\/wordpress\/index.php?rest_route=\/wp\/v2\/types\/page"}],"author":[{"embeddable":true,"href":"https:\/\/www.computer-service-jochmann.de\/wordpress\/index.php?rest_route=\/wp\/v2\/users\/1"}],"replies":[{"embeddable":true,"href":"https:\/\/www.computer-service-jochmann.de\/wordpress\/index.php?rest_route=%2Fwp%2Fv2%2Fcomments&post=52"}],"version-history":[{"count":52,"href":"https:\/\/www.computer-service-jochmann.de\/wordpress\/index.php?rest_route=\/wp\/v2\/pages\/52\/revisions"}],"predecessor-version":[{"id":287,"href":"https:\/\/www.computer-service-jochmann.de\/wordpress\/index.php?rest_route=\/wp\/v2\/pages\/52\/revisions\/287"}],"wp:attachment":[{"href":"https:\/\/www.computer-service-jochmann.de\/wordpress\/index.php?rest_route=%2Fwp%2Fv2%2Fmedia&parent=52"}],"curies":[{"name":"wp","href":"https:\/\/api.w.org\/{rel}","templated":true}]}}